[INFO] cloning repository https://github.com/thomcc/rs-stuff
[INFO] running `Command { std: "git" "-c" "credential.helper=" "-c" "credential.helper=/workspace/cargo-home/bin/git-credential-null" "clone" "--bare" "https://github.com/thomcc/rs-stuff" "/workspace/cache/git-repos/https%3A%2F%2Fgithub.com%2Fthomcc%2Frs-stuff", kill_on_drop: false }`
[INFO] [stderr] Cloning into bare repository '/workspace/cache/git-repos/https%3A%2F%2Fgithub.com%2Fthomcc%2Frs-stuff'...
[INFO] running `Command { std: "git" "rev-parse" "HEAD", kill_on_drop: false }`
[INFO] [stdout] 94340101ec23e86d58d831ed0e4417dcfb9d225f
[INFO] checking thomcc/rs-stuff against master#af3c6e733a40e671550e0f0f5aeecaa13772ba56 for pr-74989
[INFO] running `Command { std: "git" "clone" "/workspace/cache/git-repos/https%3A%2F%2Fgithub.com%2Fthomcc%2Frs-stuff" "/workspace/builds/worker-8/source", kill_on_drop: false }`
[INFO] [stderr] Cloning into '/workspace/builds/worker-8/source'...
[INFO] [stderr] done.
[INFO] validating manifest of git repo https://github.com/thomcc/rs-stuff on toolchain af3c6e733a40e671550e0f0f5aeecaa13772ba56
[INFO] running `Command { std: "/workspace/cargo-home/bin/cargo" "+af3c6e733a40e671550e0f0f5aeecaa13772ba56" "read-manifest" "--manifest-path" "Cargo.toml", kill_on_drop: false }`
[INFO] started tweaking git repo https://github.com/thomcc/rs-stuff
[INFO] finished tweaking git repo https://github.com/thomcc/rs-stuff
[INFO] tweaked toml for git repo https://github.com/thomcc/rs-stuff written to /workspace/builds/worker-8/source/Cargo.toml
[INFO] crate git repo https://github.com/thomcc/rs-stuff already has a lockfile, it will not be regenerated
[INFO] running `Command { std: "/workspace/cargo-home/bin/cargo" "+af3c6e733a40e671550e0f0f5aeecaa13772ba56" "fetch" "--locked" "--manifest-path" "Cargo.toml", kill_on_drop: false }`
[INFO] [stderr] error: the lock file /workspace/builds/worker-8/source/Cargo.lock needs to be updated but --locked was passed to prevent this
[INFO] [stderr] If you want to try to generate the lock file without accessing the network, use the --offline flag.
[INFO] the lockfile is outdated, regenerating it
[INFO] running `Command { std: "/workspace/cargo-home/bin/cargo" "+af3c6e733a40e671550e0f0f5aeecaa13772ba56" "generate-lockfile" "--manifest-path" "Cargo.toml" "-Zno-index-update", kill_on_drop: false }`
[INFO] running `Command { std: "/workspace/cargo-home/bin/cargo" "+af3c6e733a40e671550e0f0f5aeecaa13772ba56" "fetch" "--locked" "--manifest-path" "Cargo.toml", kill_on_drop: false }`
[INFO] running `Command { std: "docker" "create" "-v" "/var/lib/crater-agent-workspace/builds/worker-8/target:/opt/rustwide/target:rw,Z" "-v" "/var/lib/crater-agent-workspace/builds/worker-8/source:/opt/rustwide/workdir:ro,Z" "-v" "/var/lib/crater-agent-workspace/cargo-home:/opt/rustwide/cargo-home:ro,Z" "-v" "/var/lib/crater-agent-workspace/rustup-home:/opt/rustwide/rustup-home:ro,Z" "-e" "SOURCE_DIR=/opt/rustwide/workdir" "-e" "CARGO_TARGET_DIR=/opt/rustwide/target" "-e" "CARGO_HOME=/opt/rustwide/cargo-home" "-e" "RUSTUP_HOME=/opt/rustwide/rustup-home" "-w" "/opt/rustwide/workdir" "-m" "1610612736" "--user" "0:0" "--network" "none" "rustops/crates-build-env@sha256:d92eaeed33fa75130ca1ee6c8a01d1ffb62bac859dfdfb3450e3e5d1c0146529" "/opt/rustwide/cargo-home/bin/cargo" "+af3c6e733a40e671550e0f0f5aeecaa13772ba56" "metadata" "--no-deps" "--format-version=1", kill_on_drop: false }`
[INFO] [stdout] a813d6a1859c50e296f5977b42974ab5752e336bc0a01f214d0167061f8a43ab
[INFO] [stderr] WARNING: Your kernel does not support swap limit capabilities or the cgroup is not mounted. Memory limited without swap.
[INFO] running `Command { std: "docker" "start" "-a" "a813d6a1859c50e296f5977b42974ab5752e336bc0a01f214d0167061f8a43ab", kill_on_drop: false }`
[INFO] running `Command { std: "docker" "inspect" "a813d6a1859c50e296f5977b42974ab5752e336bc0a01f214d0167061f8a43ab", kill_on_drop: false }`
[INFO] running `Command { std: "docker" "rm" "-f" "a813d6a1859c50e296f5977b42974ab5752e336bc0a01f214d0167061f8a43ab", kill_on_drop: false }`
[INFO] [stdout] a813d6a1859c50e296f5977b42974ab5752e336bc0a01f214d0167061f8a43ab
[INFO] running `Command { std: "docker" "create" "-v" "/var/lib/crater-agent-workspace/builds/worker-8/target:/opt/rustwide/target:rw,Z" "-v" "/var/lib/crater-agent-workspace/builds/worker-8/source:/opt/rustwide/workdir:ro,Z" "-v" "/var/lib/crater-agent-workspace/cargo-home:/opt/rustwide/cargo-home:ro,Z" "-v" "/var/lib/crater-agent-workspace/rustup-home:/opt/rustwide/rustup-home:ro,Z" "-e" "SOURCE_DIR=/opt/rustwide/workdir" "-e" "CARGO_TARGET_DIR=/opt/rustwide/target" "-e" "CARGO_INCREMENTAL=0" "-e" "RUST_BACKTRACE=full" "-e" "RUSTFLAGS=--cap-lints=forbid" "-e" "CARGO_HOME=/opt/rustwide/cargo-home" "-e" "RUSTUP_HOME=/opt/rustwide/rustup-home" "-w" "/opt/rustwide/workdir" "-m" "1610612736" "--user" "0:0" "--network" "none" "rustops/crates-build-env@sha256:d92eaeed33fa75130ca1ee6c8a01d1ffb62bac859dfdfb3450e3e5d1c0146529" "/opt/rustwide/cargo-home/bin/cargo" "+af3c6e733a40e671550e0f0f5aeecaa13772ba56" "check" "--frozen" "--all" "--all-targets" "--message-format=json", kill_on_drop: false }`
[INFO] [stderr] WARNING: Your kernel does not support swap limit capabilities or the cgroup is not mounted. Memory limited without swap.
[INFO] [stdout] 064b1dd10e364fbcd57049a7276c1a20abdec1f5a5e52956c4558111d9350dd5
[INFO] running `Command { std: "docker" "start" "-a" "064b1dd10e364fbcd57049a7276c1a20abdec1f5a5e52956c4558111d9350dd5", kill_on_drop: false }`
[INFO] [stderr]    Compiling proc-macro2 v0.4.30
[INFO] [stderr]     Checking nodrop v0.1.14
[INFO] [stderr]     Checking linked-hash-map v0.5.3
[INFO] [stderr]     Checking libloading v0.6.3
[INFO] [stderr]     Checking log v0.4.11
[INFO] [stderr]     Checking stb_truetype v0.3.1
[INFO] [stderr]    Compiling glium v0.27.0
[INFO] [stderr]     Checking iovec v0.1.4
[INFO] [stderr]     Checking net2 v0.2.35
[INFO] [stderr]     Checking nix v0.14.1
[INFO] [stderr]     Checking x11-dl v2.18.5
[INFO] [stderr]     Checking parking_lot_core v0.7.2
[INFO] [stderr]     Checking memmap v0.7.0
[INFO] [stderr]     Checking raw-window-handle v0.3.3
[INFO] [stderr]     Checking shared_library v0.1.9
[INFO] [stderr]     Checking rand v0.4.6
[INFO] [stderr]     Checking backtrace v0.3.50
[INFO] [stderr]    Compiling syn v1.0.41
[INFO] [stderr]     Checking ordered-float v1.1.0
[INFO] [stderr]     Checking arrayvec v0.4.12
[INFO] [stderr]     Checking dlib v0.4.2
[INFO] [stderr]     Checking osmesa-sys v0.1.2
[INFO] [stderr]     Checking wayland-sys v0.23.6
[INFO] [stderr]     Checking parking_lot v0.10.2
[INFO] [stderr]     Checking mio v0.6.22
[INFO] [stderr]     Checking rusttype v0.8.3
[INFO] [stderr]     Checking stb_truetype v0.2.8
[INFO] [stderr]     Checking rusttype v0.2.4
[INFO] [stderr]     Checking rand v0.3.23
[INFO] [stderr]     Checking rusttype v0.7.9
[INFO] [stderr]     Checking andrew v0.2.1
[INFO] [stderr]     Checking mio-extras v2.0.6
[INFO] [stderr]    Compiling quote v0.6.13
[INFO] [stderr]    Compiling wayland-scanner v0.23.6
[INFO] [stderr]     Checking glutin_glx_sys v0.1.7
[INFO] [stderr]    Compiling wayland-client v0.23.6
[INFO] [stderr]    Compiling wayland-protocols v0.23.6
[INFO] [stderr]     Checking wayland-commons v0.23.6
[INFO] [stderr]     Checking calloop v0.4.4
[INFO] [stderr]    Compiling time-macros-impl v0.1.1
[INFO] [stderr]     Checking time-macros v0.1.0
[INFO] [stderr]     Checking time v0.2.19
[INFO] [stderr]     Checking smithay-client-toolkit v0.6.6
[INFO] [stderr]     Checking winit v0.22.2
[INFO] [stderr]     Checking glutin v0.24.1
[INFO] [stderr]     Checking stuff v0.1.0 (/opt/rustwide/workdir)
[INFO] [stdout] error[E0432]: unresolved import `glium::backend::glutin_backend`
[INFO] [stdout]  --> src/font.rs:3:21
[INFO] [stdout]   |
[INFO] [stdout] 3 | use glium::backend::glutin_backend::GlutinFacade;
[INFO] [stdout]   |                     ^^^^^^^^^^^^^^ could not find `glutin_backend` in `backend`
[INFO] [stdout] 
[INFO] [stdout] 
[INFO] [stdout] error[E0432]: unresolved import `glium::DisplayBuild`
[INFO] [stdout]   --> src/main.rs:22:13
[INFO] [stdout]    |
[INFO] [stdout] 22 | use glium::{DisplayBuild, Surface};
[INFO] [stdout]    |             ^^^^^^^^^^^^ no `DisplayBuild` in the root
[INFO] [stdout] 
[INFO] [stdout] 
[INFO] [stdout] error[E0432]: unresolved import `glium::backend::glutin_backend`
[INFO] [stdout]   --> src/main.rs:27:21
[INFO] [stdout]    |
[INFO] [stdout] 27 | use glium::backend::glutin_backend::GlutinFacade;
[INFO] [stdout]    |                     ^^^^^^^^^^^^^^ could not find `glutin_backend` in `backend`
[INFO] [stdout] 
[INFO] [stdout] 
[INFO] [stdout] error[E0432]: unresolved imports `glium::glutin::Event`, `glium::glutin::ElementState`, `glium::glutin::MouseButton`
[INFO] [stdout]    --> src/main.rs:162:29
[INFO] [stdout]     |
[INFO] [stdout] 162 |         use glium::glutin::{Event, ElementState, MouseButton};
[INFO] [stdout]     |                             ^^^^^  ^^^^^^^^^^^^  ^^^^^^^^^^^ no `MouseButton` in `glutin`
[INFO] [stdout]     |                             |      |
[INFO] [stdout]     |                             |      no `ElementState` in `glutin`
[INFO] [stdout]     |                             no `Event` in `glutin`
[INFO] [stdout]     |                             help: a similar name exists in the module: `event`
[INFO] [stdout] 
[INFO] [stdout] 
[INFO] [stdout] error[E0433]: failed to resolve: could not find `glutin_backend` in `backend`
[INFO] [stdout]    --> src/main.rs:161:52
[INFO] [stdout]     |
[INFO] [stdout] 161 |     fn update(&mut self, display: &glium::backend::glutin_backend::GlutinFacade) -> bool {
[INFO] [stdout]     |                                                    ^^^^^^^^^^^^^^ could not find `glutin_backend` in `backend`
[INFO] [stdout] 
[INFO] [stdout] 
[INFO] [stdout] error[E0433]: failed to resolve: could not find `VirtualKeyCode` in `glutin`
[INFO] [stdout]    --> src/main.rs:397:80
[INFO] [stdout]     |
[INFO] [stdout] 397 |         if win.input.key_changes.iter().any(|&(a, b)| b && a == glium::glutin::VirtualKeyCode::D) {
[INFO] [stdout]     |                                                                                ^^^^^^^^^^^^^^ could not find `VirtualKeyCode` in `glutin`
[INFO] [stdout] 
[INFO] [stdout] 
[INFO] [stdout] error[E0412]: cannot find type `VirtualKeyCode` in crate `glium::glutin`
[INFO] [stdout]    --> src/main.rs:105:43
[INFO] [stdout]     |
[INFO] [stdout] 105 |     pub keys_down: HashSet<glium::glutin::VirtualKeyCode>,
[INFO] [stdout]     |                                           ^^^^^^^^^^^^^^ not found in `glium::glutin`
[INFO] [stdout]     |
[INFO] [stdout] help: consider importing this enum
[INFO] [stdout]     |
[INFO] [stdout] 18  | use glium::glutin::event::VirtualKeyCode;
[INFO] [stdout]     |
[INFO] [stdout] 
[INFO] [stdout] 
[INFO] [stdout] error[E0412]: cannot find type `VirtualKeyCode` in crate `glium::glutin`
[INFO] [stdout]    --> src/main.rs:106:42
[INFO] [stdout]     |
[INFO] [stdout] 106 |     pub key_changes: Vec<(glium::glutin::VirtualKeyCode, bool)>
[INFO] [stdout]     |                                          ^^^^^^^^^^^^^^ not found in `glium::glutin`
[INFO] [stdout]     |
[INFO] [stdout] help: consider importing this enum
[INFO] [stdout]     |
[INFO] [stdout] 18  | use glium::glutin::event::VirtualKeyCode;
[INFO] [stdout]     |
[INFO] [stdout] 
[INFO] [stdout] 
[INFO] [stdout] error[E0412]: cannot find type `VirtualKeyCode` in crate `glium::glutin`
[INFO] [stdout]    --> src/main.rs:155:47
[INFO] [stdout]     |
[INFO] [stdout] 155 |     pub fn keys_dir(&self, k1: glium::glutin::VirtualKeyCode, k2: glium::glutin::VirtualKeyCode) -> f32 {
[INFO] [stdout]     |                                               ^^^^^^^^^^^^^^ not found in `glium::glutin`
[INFO] [stdout]     |
[INFO] [stdout] help: consider importing this enum
[INFO] [stdout]     |
[INFO] [stdout] 18  | use glium::glutin::event::VirtualKeyCode;
[INFO] [stdout]     |
[INFO] [stdout] 
[INFO] [stdout] 
[INFO] [stdout] error[E0412]: cannot find type `VirtualKeyCode` in crate `glium::glutin`
[INFO] [stdout]    --> src/main.rs:155:82
[INFO] [stdout]     |
[INFO] [stdout] 155 |     pub fn keys_dir(&self, k1: glium::glutin::VirtualKeyCode, k2: glium::glutin::VirtualKeyCode) -> f32 {
[INFO] [stdout]     |                                                                                  ^^^^^^^^^^^^^^ not found in `glium::glutin`
[INFO] [stdout]     |
[INFO] [stdout] help: consider importing this enum
[INFO] [stdout]     |
[INFO] [stdout] 18  | use glium::glutin::event::VirtualKeyCode;
[INFO] [stdout]     |
[INFO] [stdout] 
[INFO] [stdout] 
[INFO] [stdout] error[E0433]: failed to resolve: could not find `WindowBuilder` in `glutin`
[INFO] [stdout]    --> src/main.rs:234:38
[INFO] [stdout]     |
[INFO] [stdout] 234 |         let display = glium::glutin::WindowBuilder::new()
[INFO] [stdout]     |                                      ^^^^^^^^^^^^^ not found in `glium::glutin`
[INFO] [stdout]     |
[INFO] [stdout] help: consider importing this struct
[INFO] [stdout]     |
[INFO] [stdout] 18  | use glium::glutin::window::WindowBuilder;
[INFO] [stdout]     |
[INFO] [stdout] 
[INFO] [stdout] 
[INFO] [stdout] warning: unused import: `math::scalar::*`
[INFO] [stdout]  --> src/math/quat.rs:4:5
[INFO] [stdout]   |
[INFO] [stdout] 4 | use math::scalar::*;
[INFO] [stdout]   |     ^^^^^^^^^^^^^^^
[INFO] [stdout]   |
[INFO] [stdout]   = note: `#[warn(unused_imports)]` on by default
[INFO] [stdout] 
[INFO] [stdout] 
[INFO] [stdout] warning: unused import: `PositionedGlyph`
[INFO] [stdout]  --> src/font.rs:4:60
[INFO] [stdout]   |
[INFO] [stdout] 4 | use rusttype::{FontCollection, Font, Scale, point, vector, PositionedGlyph};
[INFO] [stdout]   |                                                            ^^^^^^^^^^^^^^^
[INFO] [stdout] 
[INFO] [stdout] 
[INFO] [stdout] warning: unnecessary parentheses around const expression
[INFO] [stdout]   --> src/bsp.rs:34:13
[INFO] [stdout]    |
[INFO] [stdout] 34 |     Under = (PlaneTestResult::Under as u8), // 0b01
[INFO] [stdout]    |             ^^^^^^^^^^^^^^^^^^^^^^^^^^^^^^ help: remove these parentheses
[INFO] [stdout]    |
[INFO] [stdout]    = note: `#[warn(unused_parens)]` on by default
[INFO] [stdout] 
[INFO] [stdout] 
[INFO] [stdout] warning: unnecessary parentheses around const expression
[INFO] [stdout]   --> src/bsp.rs:35:12
[INFO] [stdout]    |
[INFO] [stdout] 35 |     Over = (PlaneTestResult::Over as u8), // 0b10
[INFO] [stdout]    |            ^^^^^^^^^^^^^^^^^^^^^^^^^^^^^ help: remove these parentheses
[INFO] [stdout] 
[INFO] [stdout] 
[INFO] [stdout] warning: unused import: `BspNode`
[INFO] [stdout]   --> src/main.rs:18:11
[INFO] [stdout]    |
[INFO] [stdout] 18 | use bsp::{BspNode, Face};
[INFO] [stdout]    |           ^^^^^^^
[INFO] [stdout] 
[INFO] [stdout] 
[INFO] [stdout] warning: unused import: `RefCell`
[INFO] [stdout]   --> src/main.rs:24:17
[INFO] [stdout]    |
[INFO] [stdout] 24 | use std::cell::{RefCell};
[INFO] [stdout]    |                 ^^^^^^^
[INFO] [stdout] 
[INFO] [stdout] 
[INFO] [stdout] warning: unused import: `std::rc::Rc`
[INFO] [stdout]   --> src/main.rs:25:5
[INFO] [stdout]    |
[INFO] [stdout] 25 | use std::rc::Rc;
[INFO] [stdout]    |     ^^^^^^^^^^^
[INFO] [stdout] 
[INFO] [stdout] 
[INFO] [stdout] warning: unnecessary parentheses around block return value
[INFO] [stdout]    --> src/main.rs:131:9
[INFO] [stdout]     |
[INFO] [stdout] 131 |         (now - prev)
[INFO] [stdout]     |         ^^^^^^^^^^^^ help: remove these parentheses
[INFO] [stdout] 
[INFO] [stdout] 
[INFO] [stdout] error[E0432]: unresolved import `glium::backend::glutin_backend`
[INFO] [stdout]  --> src/font.rs:3:21
[INFO] [stdout]   |
[INFO] [stdout] 3 | use glium::backend::glutin_backend::GlutinFacade;
[INFO] [stdout]   |                     ^^^^^^^^^^^^^^ could not find `glutin_backend` in `backend`
[INFO] [stdout] 
[INFO] [stdout] 
[INFO] [stdout] error[E0432]: unresolved import `glium::DisplayBuild`
[INFO] [stdout]   --> src/main.rs:22:13
[INFO] [stdout]    |
[INFO] [stdout] 22 | use glium::{DisplayBuild, Surface};
[INFO] [stdout]    |             ^^^^^^^^^^^^ no `DisplayBuild` in the root
[INFO] [stdout] 
[INFO] [stdout] 
[INFO] [stdout] error[E0432]: unresolved import `glium::backend::glutin_backend`
[INFO] [stdout]   --> src/main.rs:27:21
[INFO] [stdout]    |
[INFO] [stdout] 27 | use glium::backend::glutin_backend::GlutinFacade;
[INFO] [stdout]    |                     ^^^^^^^^^^^^^^ could not find `glutin_backend` in `backend`
[INFO] [stdout] 
[INFO] [stdout] 
[INFO] [stdout] error[E0432]: unresolved imports `glium::glutin::Event`, `glium::glutin::ElementState`, `glium::glutin::MouseButton`
[INFO] [stdout]    --> src/main.rs:162:29
[INFO] [stdout]     |
[INFO] [stdout] 162 |         use glium::glutin::{Event, ElementState, MouseButton};
[INFO] [stdout]     |                             ^^^^^  ^^^^^^^^^^^^  ^^^^^^^^^^^ no `MouseButton` in `glutin`
[INFO] [stdout]     |                             |      |
[INFO] [stdout]     |                             |      no `ElementState` in `glutin`
[INFO] [stdout]     |                             no `Event` in `glutin`
[INFO] [stdout]     |                             help: a similar name exists in the module: `event`
[INFO] [stdout] 
[INFO] [stdout] 
[INFO] [stdout] warning: use of deprecated function `time::precise_time_ns`: Use `OffsetDateTime::now() - OffsetDateTime::unix_epoch()` to get a `Duration` since a known epoch.
[INFO] [stdout]    --> src/main.rs:261:26
[INFO] [stdout]     |
[INFO] [stdout] 261 |             frame_start: time::precise_time_ns(),
[INFO] [stdout]     |                          ^^^^^^^^^^^^^^^^^^^^^
[INFO] [stdout]     |
[INFO] [stdout]     = note: `#[warn(deprecated)]` on by default
[INFO] [stdout] 
[INFO] [stdout] 
[INFO] [stdout] warning: use of deprecated function `time::precise_time_ns`: Use `OffsetDateTime::now() - OffsetDateTime::unix_epoch()` to get a `Duration` since a known epoch.
[INFO] [stdout]    --> src/main.rs:262:28
[INFO] [stdout]     |
[INFO] [stdout] 262 |             last_fps_time: time::precise_time_ns(),
[INFO] [stdout]     |                            ^^^^^^^^^^^^^^^^^^^^^
[INFO] [stdout] 
[INFO] [stdout] 
[INFO] [stdout] warning: use of deprecated function `time::precise_time_ns`: Use `OffsetDateTime::now() - OffsetDateTime::unix_epoch()` to get a `Duration` since a known epoch.
[INFO] [stdout]    --> src/main.rs:269:28
[INFO] [stdout]     |
[INFO] [stdout] 269 |         self.frame_start = time::precise_time_ns();
[INFO] [stdout]     |                            ^^^^^^^^^^^^^^^^^^^^^
[INFO] [stdout] 
[INFO] [stdout] 
[INFO] [stdout] warning: use of deprecated function `time::precise_time_ns`: Use `OffsetDateTime::now() - OffsetDateTime::unix_epoch()` to get a `Duration` since a known epoch.
[INFO] [stdout]    --> src/main.rs:351:19
[INFO] [stdout]     |
[INFO] [stdout] 351 |         let now = time::precise_time_ns();
[INFO] [stdout]     |                   ^^^^^^^^^^^^^^^^^^^^^
[INFO] [stdout] 
[INFO] [stdout] 
[INFO] [stdout] error[E0433]: failed to resolve: could not find `glutin_backend` in `backend`
[INFO] [stdout]    --> src/main.rs:161:52
[INFO] [stdout]     |
[INFO] [stdout] 161 |     fn update(&mut self, display: &glium::backend::glutin_backend::GlutinFacade) -> bool {
[INFO] [stdout]     |                                                    ^^^^^^^^^^^^^^ could not find `glutin_backend` in `backend`
[INFO] [stdout] 
[INFO] [stdout] 
[INFO] [stdout] error[E0433]: failed to resolve: could not find `VirtualKeyCode` in `glutin`
[INFO] [stdout]    --> src/main.rs:397:80
[INFO] [stdout]     |
[INFO] [stdout] 397 |         if win.input.key_changes.iter().any(|&(a, b)| b && a == glium::glutin::VirtualKeyCode::D) {
[INFO] [stdout]     |                                                                                ^^^^^^^^^^^^^^ could not find `VirtualKeyCode` in `glutin`
[INFO] [stdout] 
[INFO] [stdout] 
[INFO] [stdout] error[E0412]: cannot find type `VirtualKeyCode` in crate `glium::glutin`
[INFO] [stdout]    --> src/main.rs:105:43
[INFO] [stdout]     |
[INFO] [stdout] 105 |     pub keys_down: HashSet<glium::glutin::VirtualKeyCode>,
[INFO] [stdout]     |                                           ^^^^^^^^^^^^^^ not found in `glium::glutin`
[INFO] [stdout]     |
[INFO] [stdout] help: consider importing this enum
[INFO] [stdout]     |
[INFO] [stdout] 18  | use glium::glutin::event::VirtualKeyCode;
[INFO] [stdout]     |
[INFO] [stdout] 
[INFO] [stdout] 
[INFO] [stdout] error[E0412]: cannot find type `VirtualKeyCode` in crate `glium::glutin`
[INFO] [stdout]    --> src/main.rs:106:42
[INFO] [stdout]     |
[INFO] [stdout] 106 |     pub key_changes: Vec<(glium::glutin::VirtualKeyCode, bool)>
[INFO] [stdout]     |                                          ^^^^^^^^^^^^^^ not found in `glium::glutin`
[INFO] [stdout]     |
[INFO] [stdout] help: consider importing this enum
[INFO] [stdout]     |
[INFO] [stdout] 18  | use glium::glutin::event::VirtualKeyCode;
[INFO] [stdout]     |
[INFO] [stdout] 
[INFO] [stdout] 
[INFO] [stdout] error[E0412]: cannot find type `VirtualKeyCode` in crate `glium::glutin`
[INFO] [stdout]    --> src/main.rs:155:47
[INFO] [stdout]     |
[INFO] [stdout] 155 |     pub fn keys_dir(&self, k1: glium::glutin::VirtualKeyCode, k2: glium::glutin::VirtualKeyCode) -> f32 {
[INFO] [stdout]     |                                               ^^^^^^^^^^^^^^ not found in `glium::glutin`
[INFO] [stdout]     |
[INFO] [stdout] help: consider importing this enum
[INFO] [stdout]     |
[INFO] [stdout] 18  | use glium::glutin::event::VirtualKeyCode;
[INFO] [stdout]     |
[INFO] [stdout] 
[INFO] [stdout] 
[INFO] [stdout] error[E0412]: cannot find type `VirtualKeyCode` in crate `glium::glutin`
[INFO] [stdout]    --> src/main.rs:155:82
[INFO] [stdout]     |
[INFO] [stdout] 155 |     pub fn keys_dir(&self, k1: glium::glutin::VirtualKeyCode, k2: glium::glutin::VirtualKeyCode) -> f32 {
[INFO] [stdout]     |                                                                                  ^^^^^^^^^^^^^^ not found in `glium::glutin`
[INFO] [stdout]     |
[INFO] [stdout] help: consider importing this enum
[INFO] [stdout]     |
[INFO] [stdout] 18  | use glium::glutin::event::VirtualKeyCode;
[INFO] [stdout]     |
[INFO] [stdout] 
[INFO] [stdout] 
[INFO] [stdout] error[E0433]: failed to resolve: could not find `WindowBuilder` in `glutin`
[INFO] [stdout]    --> src/main.rs:234:38
[INFO] [stdout]     |
[INFO] [stdout] 234 |         let display = glium::glutin::WindowBuilder::new()
[INFO] [stdout]     |                                      ^^^^^^^^^^^^^ not found in `glium::glutin`
[INFO] [stdout]     |
[INFO] [stdout] help: consider importing this struct
[INFO] [stdout]     |
[INFO] [stdout] 18  | use glium::glutin::window::WindowBuilder;
[INFO] [stdout]     |
[INFO] [stdout] 
[INFO] [stdout] 
[INFO] [stdout] warning: unused import: `math::scalar::*`
[INFO] [stdout]  --> src/math/quat.rs:4:5
[INFO] [stdout]   |
[INFO] [stdout] 4 | use math::scalar::*;
[INFO] [stdout]   |     ^^^^^^^^^^^^^^^
[INFO] [stdout]   |
[INFO] [stdout]   = note: `#[warn(unused_imports)]` on by default
[INFO] [stdout] 
[INFO] [stdout] 
[INFO] [stdout] warning: unused import: `PositionedGlyph`
[INFO] [stdout]  --> src/font.rs:4:60
[INFO] [stdout]   |
[INFO] [stdout] 4 | use rusttype::{FontCollection, Font, Scale, point, vector, PositionedGlyph};
[INFO] [stdout]   |                                                            ^^^^^^^^^^^^^^^
[INFO] [stdout] 
[INFO] [stdout] 
[INFO] [stdout] warning: unnecessary parentheses around const expression
[INFO] [stdout]   --> src/bsp.rs:34:13
[INFO] [stdout]    |
[INFO] [stdout] 34 |     Under = (PlaneTestResult::Under as u8), // 0b01
[INFO] [stdout]    |             ^^^^^^^^^^^^^^^^^^^^^^^^^^^^^^ help: remove these parentheses
[INFO] [stdout]    |
[INFO] [stdout]    = note: `#[warn(unused_parens)]` on by default
[INFO] [stdout] 
[INFO] [stdout] 
[INFO] [stdout] warning: unnecessary parentheses around const expression
[INFO] [stdout]   --> src/bsp.rs:35:12
[INFO] [stdout]    |
[INFO] [stdout] 35 |     Over = (PlaneTestResult::Over as u8), // 0b10
[INFO] [stdout]    |            ^^^^^^^^^^^^^^^^^^^^^^^^^^^^^ help: remove these parentheses
[INFO] [stdout] 
[INFO] [stdout] 
[INFO] [stdout] warning: unused import: `BspNode`
[INFO] [stdout]   --> src/main.rs:18:11
[INFO] [stdout]    |
[INFO] [stdout] 18 | use bsp::{BspNode, Face};
[INFO] [stdout]    |           ^^^^^^^
[INFO] [stdout] 
[INFO] [stdout] 
[INFO] [stdout] warning: unused import: `RefCell`
[INFO] [stdout]   --> src/main.rs:24:17
[INFO] [stdout]    |
[INFO] [stdout] 24 | use std::cell::{RefCell};
[INFO] [stdout]    |                 ^^^^^^^
[INFO] [stdout] 
[INFO] [stdout] 
[INFO] [stdout] warning: unused import: `std::rc::Rc`
[INFO] [stdout]   --> src/main.rs:25:5
[INFO] [stdout]    |
[INFO] [stdout] 25 | use std::rc::Rc;
[INFO] [stdout]    |     ^^^^^^^^^^^
[INFO] [stdout] 
[INFO] [stdout] 
[INFO] [stdout] warning: unnecessary parentheses around block return value
[INFO] [stdout]    --> src/main.rs:131:9
[INFO] [stdout]     |
[INFO] [stdout] 131 |         (now - prev)
[INFO] [stdout]     |         ^^^^^^^^^^^^ help: remove these parentheses
[INFO] [stdout] 
[INFO] [stdout] 
[INFO] [stdout] warning: use of deprecated function `time::precise_time_ns`: Use `OffsetDateTime::now() - OffsetDateTime::unix_epoch()` to get a `Duration` since a known epoch.
[INFO] [stdout]    --> src/main.rs:261:26
[INFO] [stdout]     |
[INFO] [stdout] 261 |             frame_start: time::precise_time_ns(),
[INFO] [stdout]     |                          ^^^^^^^^^^^^^^^^^^^^^
[INFO] [stdout]     |
[INFO] [stdout]     = note: `#[warn(deprecated)]` on by default
[INFO] [stdout] 
[INFO] [stdout] 
[INFO] [stdout] warning: use of deprecated function `time::precise_time_ns`: Use `OffsetDateTime::now() - OffsetDateTime::unix_epoch()` to get a `Duration` since a known epoch.
[INFO] [stdout]    --> src/main.rs:262:28
[INFO] [stdout]     |
[INFO] [stdout] 262 |             last_fps_time: time::precise_time_ns(),
[INFO] [stdout]     |                            ^^^^^^^^^^^^^^^^^^^^^
[INFO] [stdout] 
[INFO] [stdout] 
[INFO] [stdout] warning: use of deprecated function `time::precise_time_ns`: Use `OffsetDateTime::now() - OffsetDateTime::unix_epoch()` to get a `Duration` since a known epoch.
[INFO] [stdout]    --> src/main.rs:269:28
[INFO] [stdout]     |
[INFO] [stdout] 269 |         self.frame_start = time::precise_time_ns();
[INFO] [stdout]     |                            ^^^^^^^^^^^^^^^^^^^^^
[INFO] [stdout] 
[INFO] [stdout] 
[INFO] [stdout] warning: use of deprecated function `time::precise_time_ns`: Use `OffsetDateTime::now() - OffsetDateTime::unix_epoch()` to get a `Duration` since a known epoch.
[INFO] [stdout]    --> src/main.rs:351:19
[INFO] [stdout]     |
[INFO] [stdout] 351 |         let now = time::precise_time_ns();
[INFO] [stdout]     |                   ^^^^^^^^^^^^^^^^^^^^^
[INFO] [stdout] 
[INFO] [stdout] 
[INFO] [stdout] error[E0282]: type annotations needed
[INFO] [stdout]    --> src/main.rs:119:24
[INFO] [stdout]     |
[INFO] [stdout] 119 |             keys_down: HashSet::new(),
[INFO] [stdout]     |                        ^^^^^^^^^^^^ cannot infer type for type parameter `T`
[INFO] [stdout] 
[INFO] [stdout] 
[INFO] [stdout] error[E0282]: type annotations needed
[INFO] [stdout]    --> src/main.rs:119:24
[INFO] [stdout]     |
[INFO] [stdout] 119 |             keys_down: HashSet::new(),
[INFO] [stdout]     |                        ^^^^^^^^^^^^ cannot infer type for type parameter `T`
[INFO] [stdout] 
[INFO] [stdout] 
[INFO] [stdout] warning: a method with this name may be added to the standard library in the future
[INFO] [stdout]    --> src/math/vec.rs:170:41
[INFO] [stdout]     |
[INFO] [stdout] 170 |         self.map3(min, max, |v, l, h| v.clamp(l, h))
[INFO] [stdout]     |                                         ^^^^^
[INFO] [stdout]     |
[INFO] [stdout]     = note: `#[warn(unstable_name_collisions)]` on by default
[INFO] [stdout]     = warning: once this method is added to the standard library, the ambiguity may cause an error or change in behavior!
[INFO] [stdout]     = note: for more information, see issue #48919 <https://github.com/rust-lang/rust/issues/48919>
[INFO] [stdout]     = help: call with fully qualified syntax `traits::Clamp::clamp(...)` to keep using the current method
[INFO] [stdout]     = help: add `#![feature(clamp)]` to the crate attributes to enable `f32::<impl f32>::clamp`
[INFO] [stdout] 
[INFO] [stdout] 
[INFO] [stdout] warning: a method with this name may be added to the standard library in the future
[INFO] [stdout]    --> src/math/vec.rs:170:41
[INFO] [stdout]     |
[INFO] [stdout] 170 |         self.map3(min, max, |v, l, h| v.clamp(l, h))
[INFO] [stdout]     |                                         ^^^^^
[INFO] [stdout]     |
[INFO] [stdout]     = note: `#[warn(unstable_name_collisions)]` on by default
[INFO] [stdout]     = warning: once this method is added to the standard library, the ambiguity may cause an error or change in behavior!
[INFO] [stdout]     = note: for more information, see issue #48919 <https://github.com/rust-lang/rust/issues/48919>
[INFO] [stdout]     = help: call with fully qualified syntax `traits::Clamp::clamp(...)` to keep using the current method
[INFO] [stdout]     = help: add `#![feature(clamp)]` to the crate attributes to enable `f32::<impl f32>::clamp`
[INFO] [stdout] 
[INFO] [stdout] 
[INFO] [stdout] error: aborting due to 12 previous errors; 13 warnings emitted
[INFO] [stdout] 
[INFO] [stdout] 
[INFO] [stdout] Some errors have detailed explanations: E0282, E0412, E0432, E0433.
[INFO] [stdout] 
[INFO] [stdout] For more information about an error, try `rustc --explain E0282`.
[INFO] [stdout] 
[INFO] [stderr] error: could not compile `stuff`.
[INFO] [stderr] 
[INFO] [stderr] To learn more, run the command again with --verbose.
[INFO] [stderr] warning: build failed, waiting for other jobs to finish...
[INFO] [stdout] error: aborting due to 12 previous errors; 13 warnings emitted
[INFO] [stdout] 
[INFO] [stdout] 
[INFO] [stdout] Some errors have detailed explanations: E0282, E0412, E0432, E0433.
[INFO] [stdout] 
[INFO] [stdout] For more information about an error, try `rustc --explain E0282`.
[INFO] [stdout] 
[INFO] [stderr] error: build failed
[INFO] running `Command { std: "docker" "inspect" "064b1dd10e364fbcd57049a7276c1a20abdec1f5a5e52956c4558111d9350dd5", kill_on_drop: false }`
[INFO] running `Command { std: "docker" "rm" "-f" "064b1dd10e364fbcd57049a7276c1a20abdec1f5a5e52956c4558111d9350dd5", kill_on_drop: false }`
[INFO] [stdout] 064b1dd10e364fbcd57049a7276c1a20abdec1f5a5e52956c4558111d9350dd5
